)/39)). Let w = 990 + t. What is the tens digit of w?
4
Suppose -3*f = -12*f + 10530. Suppose -4*m = -62 - f. Suppose -m + 44 = -2*s. What is the tens digit of s?
3
What is the thousands digit of (5*6/15)/(-11 + 178704/16245)?
3
Let i = -109 + 115. Let m(c) = 35*c**2 + 11*c + 2. What is the thousands digit of m(i)?
1
Suppose -4*r + 3*r + 0*r = 0. Suppose 311 = 2*y - r*s - s, 4*y - 3*s - 621 = 0. Let o = -56 + y. What is the hundreds digit of o?
1
What is the hundreds digit of (-5456313)/(-1849) + (-4)/(-86)?
9
Let x(v) = -6*v + 2. Let f be x(0). Suppose j - 3 = -0, f*z + j - 1807 = 0. What is the units digit of z?
2
Let y be (-1)/((-21)/12)*35/10. Suppose -v - 1836 = -17*j + 12*j, 736 = y*j - 2*v. What is the units digit of j?
7
Suppose -4*w + 37 = 3*s, -1 + 2 = -s + 2*w. Suppose c + 53 = 2*v, v - 4*c + s = 23. Suppose v = 3*p - m, -5*p + 28 = m - 16. What is the units digit of p?
9
Let g = 131795 - 90081. What is the hundreds digit of g?
7
Let q be 1/(-6)*-3 - 9/6. Let s be q/((-1)/(-2 + 3 + 947)). Suppose -5*i - k + s = 341, -5*i - 5*k + 615 = 0. What is the hundreds digit of i?
1
Suppose -509*c - 9327 = -506*c. Let i = -1271 - c. What is the tens digit of i?
3
Let r(q) = -q**2 - 18*q - 42. Let j be r(-15). Suppose 8 + 4 = -j*z, 5*v - 2556 = 4*z. What is the units digit of v?
8
Suppose 6819 = 3*o + 3*w, 3*o - 9995 = w - 3192. Suppose -207 = -4*a + o. What is the tens digit of a?
1
What is the tens digit of (-874062)/(-36) + (-10)/(-20)?
8
Let n(d) be the first derivative of 3*d**2 - 10*d - 21. Let z be n(3). What is the hundreds digit of (z + 302)*(-2)/(-4)?
1
What is the units digit of (1442*60)/10 + (0 - 3) + 4?
3
Suppose 33*s + 4*q = 30*s + 35004, -23340 = -2*s - 2*q. What is the ten thousands digit of s?
1
Let t = 349 - -1173. What is the tens digit of t?
2
Let k(i) = 28*i**2 - 6*i + 8. Suppose -21*u = 73 - 199. What is the hundreds digit of k(u)?
9
Let w = -3881 - -18130. What is the thousands digit of w?
4
Let k(y) = -y - 1. Let g be k(-5). Suppose -5*r - 2*o = -g*r - 245, 2*r = 2*o + 478. What is the hundreds digit of r?
2
What is the units digit of 266/((-196)/963 + 130/585)?
1
Let m = -6516 - -15380. What is the units digit of m?
4
Suppose 45*n - 18*n - 54 = 0. Suppose -3*y + 4 = -n*y, 5*t - 2346 = -4*y. What is the tens digit of t?
6
Let z(d) = d**3 + 7*d**2 - 5*d - 6. Let t be z(-8). Let g = 44 + t. Let w = g - -49. What is the units digit of w?
3
Let y(x) = x**3 - 18*x**2 + 20*x - 5. Let r be y(18). Let n = 439 - r. What is the tens digit of n?
8
Suppose 4*i = 3*v - 8 - 17, -2*v + 17 = -3*i. Let f be (-22)/33*(-3)/1. What is the units digit of (-1700)/(-175) + f/v?
0
Suppose -3*p - 14*p + 85 = 0. Suppose -p*b + j = -2530, -j - 3*j = -b + 487. What is the hundreds digit of b?
5
Suppose 0 = -35*t - 9745 + 60040. Suppose -507 = 3*s - t. What is the units digit of s?
0
Suppose 26*c - 532 = -2*c. Let f(w) = 2*w**3 - 37*w**2 + 8*w + 1. What is the hundreds digit of f(c)?
5
Suppose 5*q + 7121 = 4*x, -3*x + 5335 = -10*q + 12*q. Let u = x - 708. What is the units digit of u?
1
Suppose 58*d + 72*d - 4333626 = 31*d. What is the tens digit of d?
7
Let x be (-2 - 3)/5 + 6. Suppose 0 = -4*g - x*g + 45. Suppose 0*n = 3*m + 4*n - 854, -m + 291 = -g*n. What is the hundreds digit of m?
2
Let s(w) = -2593*w - 8387. What is the ten thousands digit of s(-19)?
4
Let m be ((-3)/(-9))/(6/198). Let g = 30 + m. What is the tens digit of g?
4
What is the tens digit of (13 + -6023 + -9)*(2 - 3)?
1
Let s(j) = -58*j**2 - 1. Let v be s(1). Let z = v - -652. What is the units digit of z?
3
Suppose -25*a = 2*a - 36330 + 14217. What is the units digit of a?
9
Suppose -3*z = 2*x - 7, -x = -0*x - 4*z + 2. Suppose x*g - 162 = -b, 9*b - 13*b + 5*g + 596 = 0. What is the units digit of b?
4
Let w = 152079 + -87306. What is the hundreds digit of w?
7
What is the hundreds digit of (-6 - (-34 + -5))/((-27)/(-3582))?
3
Suppose -3*s - 22036 = -2*v, 0 = 3*v + 6*s - 17543 - 15490. What is the hundreds digit of v?
0
Suppose 5*g - 88 = 5*z - 23, 0 = -3*g + 4*z + 34. Suppose -5*v = -11*v + g. Suppose 25 = h + h + v*j, 3*h + 2*j - 30 = 0. What is the units digit of h?
8
Suppose 563*v - 5363688 = 442*v. What is the hundreds digit of v?
3
Let g = -45315 + 71499. What is the hundreds digit of g?
1
Suppose 0*w - w - 12 = 3*o, 3*w = 2*o + 8. Let g be -4 - (0 + -2 + o). What is the tens digit of -122*g*(9/12 - 1)?
6
Suppose -5*c = -10, -13*u - 84891 = -20*u - c. What is the tens digit of u?
2
Suppose 3*n - 21 = -c + 4*c, -2*c = 4. Suppose 2*f - 3 = 4*j - 1, n*f = j + 14. Suppose -3*p + 33 = 5*k, 4*p + p = -f*k + 39. What is the units digit of p?
6
Suppose -14*y - 14*y = -84. Suppose y*s - 1292 = -2*u + 28, 5*s + 2662 = 4*u. What is the tens digit of u?
6
Let a(g) be the third derivative of 2*g**4/3 + 6*g**2. Let p be a(8). Let o = 214 - p. What is the units digit of o?
6
Suppose 0*n - 220 = -2*n. Let j = n - 71. Let m = 69 - j. What is the tens digit of m?
3
Suppose 175*r + 7158680 = 261*r + 296*r. What is the tens digit of r?
4
Let g = 322 + -276. Suppose g*i - 8*i = 10070. What is the hundreds digit of i?
2
Suppose 16*w - 90*w + 1502847 = 291985. What is the ten thousands digit of w?
1
Let h(a) = -124*a**3 - 208*a**2 + 40*a - 12. What is the tens digit of h(-7)?
4
Let t(r) = -8*r - 11. Let j be (-6)/(-21) - 1270/35. Let v = -41 - j. What is the units digit of t(v)?
9
Let f(x) = 2*x**2 - 3*x. Let y be f(2). Suppose 0 = 44*h - 29*h + 36*h. Suppose h = -a + 2*l + 9, -25 = -3*a - y*l + 6*l. What is the units digit of a?
7
Let f(s) = s**3 + 2*s**2 - 4*s - 3. Let l be f(7). Let z = l - 260. What is the units digit of z?
0
Suppose 0 = -3*l + l - 3*a + 2029, 5*l = 3*a + 5083. Let j = l + -649. What is the units digit of j?
7
Let l(o) = -48*o**3 + 15*o**2 + 38*o + 25. What is the tens digit of l(-5)?
1
Let w be (-3)/9 + ((-1897)/(-21) - -4). What is the hundreds digit of w*(4 - -1 - 35/(-10))?
7
Suppose -4*v = -5*v - 37. Let c = 567 - 421. Let o = c + v. What is the units digit of o?
9
What is the thousands digit of ((-1085)/(-2))/(82/328)?
2
Suppose -7045 - 205 = -5*k + i, -3*k = 3*i - 4332. Suppose 0 = 5*d + 2*d + k. Let u = 309 + d. What is the tens digit of u?
0
Let s(n) = 5*n**3 - 13*n**2 + 15*n + 7. Let l(r) = r**3 + 2*r**2 - r - 1. Let f(a) = -6*l(a) - s(a). What is the hundreds digit of f(-3)?
3
Suppose -48 = 56*u - 60*u. Let l be (-3)/(u/(-2740)) - (-2 - 2). Suppose -7*t = -l - 102. What is the tens digit of t?
1
What is the hundreds digit of (1 - (-5)/(-2))*((-19347)/9 - 3)?
2
Let u(o) = 32*o + 29. Let n be u(5). Let a = 336 + 5. Let z = a - n. What is the tens digit of z?
5
Suppose 4*o - 3 = 5*o - 3*i, -5*i - 6 = 2*o. Let q = o + 5. Suppose 4*d = -3*y + 415, q*y - 7*y - 121 = -d. What is the tens digit of d?
0
Suppose 4*r + r = m + 8, 4*m = 4*r. Suppose r*u + 48 = -6*u. Let t(n) = -n**3 - 2*n**2 - 3*n - 3. What is the tens digit of t(u)?
5
Let y(k) = 13*k + 100. Let a be y(-8). What is the tens digit of 159/((2 - -3) + a)?
5
Let l be (-3 + 4 + -2)*(-49 + -4). Suppose 248 = l*o - 52*o. What is the units digit of o?
8
Let u(f) = 77*f + 2205. What is the hundreds digit of u(10)?
9
Let y(l) = -165*l - 11. Let r be (-76)/(-646) + ((-72)/34)/1. What is the hundreds digit of y(r)?
3
Suppose -6*w - 350 = 184. Let s = 78 + w. Let n(d) = -12*d + 1. What is the hundreds digit of n(s)?
1
Let g(h) be the second derivative of -h**5/20 + 9*h**4/4 + h**3/3 - h**2 + 43*h. What is the units digit of g(27)?
2
Let w = -5894 + 39999. What is the units digit of w?
5
Suppose -5*q + 54543 = 2*j, 2*j - 28*q = -31*q + 54533. What is the thousands digit of j?
7
Let g = -335 - -145. Let m = g + 52. Let s = 236 + m. What is the tens digit of s?
9
Let x(k) = -9*k + 5. Let b be 6/8 + 14/(-8). Let w be x(b). What is the tens digit of 63/w*(-1)/(-9)*254?
2
Suppose 34262 = 11*p + 1394. What is the thousands digit of p?
2
Let q = -9791 - -14828. What is the hundreds digit of q?
0
Suppose 5*r + 495 = 5*a, 6*r - 414 = 10*r + 5*a. Let q = -98 - r. Suppose -2*x - 272 = -q*t, 3*t + 460 = 8*t - 5*x. What is the tens digit of t?
8
Let f(y) be the third derivative of y**5/60 + 7*y**4/8 - 5*y**3/6 + 9*y**2 - 5. What is the tens digit of f(-22)?
1
Let l(q) = -q**2 + 6*q + 44. Let a be l(10). Suppose -a*y + 38 = -2*y. Le